 units digit of t?
7
Let z be (777/(-6))/((-6)/(48/4)). Suppose 0 = -z*m + 264*m - 380. What is the units digit of m?
6
Let n(p) = -p**3 + 13*p**2 - 18*p - 15. Let r be n(11). Suppose -r = x - 322. What is the hundreds digit of x?
2
Let k(l) be the first derivative of -l**4/24 + 5*l**3/3 - 39*l**2/2 - 5. Let q(u) be the second derivative of k(u). What is the units digit of q(6)?
4
Let v(s) = 2*s**3 + 17*s**2 - 8*s + 7. Let z be v(-11). Let d = 989 + z. What is the units digit of d?
9
What is the hundreds digit of (3016696/174)/(20/15)?
0
Suppose -1106 = 2*d + 4*c - 14330, 3*d - 3*c - 19845 = 0. What is the tens digit of d?
1
Suppose 0 = 3*h + 3*s - 1263, 2*h + 3*s + 441 = 3*h. Let d = 672 - h. Suppose d = 6*z - 684. What is the units digit of z?
5
Suppose -32*g = -1181233 + 44497. What is the units digit of g?
3
Let k(s) = -173*s + 46. Suppose 29*l + 32 = 25*l. Let j be k(l). Suppose 0*b + j = 11*b. What is the tens digit of b?
3
Let s be (-14 - -15)/((-1)/32). Let x = -29 - s. What is the hundreds digit of (10/x)/(3 + (-935)/315)?
1
Let y = 258 + -254. What is the hundreds digit of (-7 - 446/y)*16/(-3)?
6
Suppose -6*i - 6 = -9*i, -4*t = i - 4474. What is the hundreds digit of t?
1
Let w(n) be the first derivative of -11*n**4 - n**3 - 3*n**2/2 - 5*n - 73. What is the tens digit of w(-2)?
4
Let o be (-147)/4 - ((-42)/24)/(-7). Let w = -35 - o. Let t(b) = 51*b + 7. What is the units digit of t(w)?
9
Suppose 0 = 79*r - 87624 - 3173970. What is the tens digit of r?
8
Suppose -5*u = -2*y - 53158, -35*u + 33*u + 21269 = 5*y. What is the ten thousands digit of u?
1
Suppose -78*j - 62*j + 293179 = -49961. What is the tens digit of j?
5
Let b be ((-5440)/(-256))/((-1)/(-4*17)). Suppose 0 = -b*r + 1447*r - 144. What is the units digit of r?
2
Let x = -1486 + 2740. What is the units digit of x?
4
Suppose 124*p = 12*p + 13*p + 552024. What is the hundreds digit of p?
5
Let g = -58 + 69. Suppose -56 + g = -9*h. Suppose -h*b - 171 + 726 = 0. What is the hundreds digit of b?
1
Let s(q) be the second derivative of 67*q**4/4 + 7*q**3/3 - q**2/2 + 154*q + 1. What is the hundreds digit of s(3)?
8
Let q(w) = -w**2 - 42*w - 17. What is the tens digit of q(-33)?
8
Let a(l) = -289*l**3 + 4*l + 3. Suppose 2*k = -2*r + 6, 2*r = -2*r + 16. What is the tens digit of a(k)?
8
Let z = -18 - -658. Let m = z + -46. What is the hundreds digit of m?
5
What is the thousands digit of (-34)/119 + 180440/28?
6
Suppose 3*d = 15*d - 72. What is the units digit of (-15)/d*43*(4 - 10)?
5
Suppose -59*z + 39*z = 36*z - 852992. What is the tens digit of z?
3
Let r be 2/(36/15 - 2). Suppose r = -5*n, 5*v + 4*n + 344 = -0*v. Let x = v + 193. What is the tens digit of x?
2
Let x = -67892 + 99810. What is the tens digit of x?
1
Let t(y) be the third derivative of -y**6/120 + y**5/3 + 3*y**4/4 - 49*y**3/6 - 34*y**2. What is the tens digit of t(20)?
1
Let j = -41 + 151. Let f = 29 + -37. Let c = f + j. What is the tens digit of c?
0
Suppose -3*i + 229 = -5*r - 306, 0 = 3*i + r - 559. What is the units digit of i - (-1 - -1) - 4?
1
Let u(g) = g**3 + 2*g**2 + 5*g + 4. Let l be u(-1). Suppose 50*q - 47*q - 999 = l. What is the hundreds digit of q?
3
Suppose -157949 = 76077*z - 76088*z. What is the units digit of z?
9
Suppose 16871 = 8*w + 5863. What is the tens digit of w?
7
Suppose x = 5*t - 16, t + 4 = -3*x + 20. Suppose 4*h - 4 = x*c, -20 = -h - 4*h. What is the units digit of -2 - (-143 + c)/5?
6
Let n(h) = -5*h - 11. Let j be n(-3). Suppose -a = -6 + j, 3*l + a = 2108. Suppose -5*o + l - 192 = 0. What is the tens digit of o?
0
What is the hundreds digit of 183231/24 + 225/600?
6
Suppose -2*p + 80*a - 75*a = -150, -4 = a. Let l = 40 - -126. Let w = l - p. What is the hundreds digit of w?
1
Let r(p) = 4*p + 29. Let a be r(-7). Let z(o) = -26*o - 1. Let y be z(a). Let t = 37 + y. What is the units digit of t?
0
Let i be -5 + 46164/(-24)*(0 + -2). Suppose 7*l = i + 274. What is the units digit of l?
8
Let p(t) = -72*t**2 + 39*t**2 + t**3 - 26*t + 3*t - 26. What is the units digit of p(34)?
8
Suppose -23*l + 24*l - 17196 = -5*o, 3*o + 5*l = 10344. What is the tens digit of o?
3
Let y(v) = 5*v**3 - 281*v**2 - 71*v - 147. What is the tens digit of y(58)?
1
Suppose r + 1 = -3*v, 2*v + 3*r = -0*r - 3. Suppose v = 3*c + 206 - 1091. What is the hundreds digit of c?
2
Suppose 66*d = 43*d - 92. What is the units digit of d/(-2)*(673 + -4 + -10)?
8
Suppose 4*z + 3444 = 4*g - 0*g, -3*z = 4*g - 3458. Let h = -568 + g. What is the hundreds digit of h?
2
Let b be ((-6)/(-12))/((-4)/(-40)). Suppose -2*q + 59 = 5*v - 347, v + 1069 = b*q. What is the units digit of (((-110)/15)/11)/((-1)/q)?
2
Let i be 2/16 - 27761/136. Let b = i - -330. What is the units digit of b?
6
Let m = -292 + 306. What is the tens digit of m/(-3)*(2 - 113)?
1
Let m = -1241 - -2173. What is the units digit of m?
2
Let u be -2 - -2 - 6/9*3. Let g be (-1)/4*u + 39/2. Let n = -10 + g. What is the tens digit of n?
1
Let u = 25627 - 17732. What is the hundreds digit of u?
8
Let w = 62 - 37. Suppose 123*l - w = 118*l. Suppose 5*a = -3*r + 166, r - 42 = -0*r - l*a. What is the units digit of r?
2
Let m(b) be the third derivative of -b**5/60 + 13*b**4/6 - 64*b**3/3 + 13*b**2 + b. What is the hundreds digit of m(38)?
4
Let p(x) = 0*x**3 - 7*x - 5 - 4*x - 181*x**2 - x**3 + 170*x**2. Let c be p(-7). Let t = c - -263. What is the tens digit of t?
3
Let g be 4/(-34) + (-6200)/1054. Let n(l) = -169*l + 123. What is the thousands digit of n(g)?
1
Suppose -k = -2*x + 1917 - 539, 4*k = 3*x - 2057. Let v = x - -986. What is the thousands digit of v?
1
What is the thousands digit of ((-8)/(-2))/((2/2135)/((-77)/(-35)))?
9
Let a(y) = -6*y + 3*y + 7*y - 15 + y. Let p be a(5). Let h(f) = f**2 + 2*f + 9. What is the tens digit of h(p)?
2
Suppose -252*t + 262*t - 1529 = 2201. What is the units digit of t?
3
Suppose 4388 = 2*p + 3*h - 5660, -5*h = 5*p - 25140. What is the thousands digit of p?
5
Suppose -17*y + 105 + 82 = 0. Suppose y*x - 12*x + 120 = 0. What is the tens digit of x?
2
Let q = 751 + 2925. Suppose -63*s + 68*s = 5*y - 3700, -s + q = 5*y. What is the units digit of y?
6
Let u = 35045 - 23825. What is the hundreds digit of u?
2
Suppose -8*a + 16 = -0. Suppose -a*f = w + 5, 3*f - w - 2*w = 15. Suppose -5*j + 179 + 56 = f. What is the tens digit of j?
4
Let g(k) be the first derivative of k**4/4 - 14*k**3/3 - 13*k**2/2 - 13*k - 169. What is the tens digit of g(15)?
1
Suppose 3*c - 38286 - 92979 = 4*g, -g = 2*c - 87521. What is the ten thousands digit of c?
4
Suppose 0 = -11*v + 8*v + 9, -2*v = -4*b - 10. What is the units digit of (416/(-24))/(b/39)?
6
Let j(v) = -861*v - 14. Let k be j(-3). Suppose 13*h + k = 7223. What is the tens digit of h?
5
Let c = -60647 + 86314. What is the ten thousands digit of c?
2
What is the thousands digit of 449/1347 - 188512/(-6)?
1
Suppose 77*k - 338306 = 394118. What is the units digit of k?
2
Let n be (-5 - -6)*(-3 + 3)/3. Let v(f) be the first derivative of f**4/4 - f**2 + 20*f + 1. What is the tens digit of v(n)?
2
Let g = -1615 + 2376. What is the units digit of (g*(3 - 2))/((-14)/(-14))?
1
Suppose 24*n = 14*n + 74140. What is the units digit of n?
4
Suppose -3*p + 3*h + 2922 = -4977, -3*p - 9*h + 7851 = 0. What is the hundreds digit of p?
6
Let d = -128 + 133. Suppose 3*a - 15 = -3*h, h - 2*a - 11 = -d*a. Suppose 4*i = -z + 381 + 513, 0 = z - h. What is the units digit of i?
3
Let j be 5/((-10)/(-12)) - -3. Suppose 0 = j*w - 100 - 17. Suppose w*t = 17*t - 444. What is the units digit of t?
1
Let n = 344 + -336. Suppose -457 = -n*g + 239. What is the units digit of g?
7
Suppose -416 = w - 1042. Suppose 947 - 7 = 2*j. Suppose -8*g + w = -j. What is the tens digit of g?
3
Let u = 11660 - -18598. What is the units digit of u?
8
Let l = 1273 + -798. Suppose -4*h = -481 - l. Suppose 17*u - h = 2498. What is the units digit of u?
1
What is the tens digit of -194*(9 - (-7405)/(-30)) + (-2)/3?
3
What is the hundreds digit of ((30/20 + -4)/5)/((-2)/1284)?
3
Let y = 64 - 35. Suppose -16 = 4*z, -3*k + 2*z + y = -3*z. Suppose -5*c + 46 = 2*i, -28 = -i + k*c + 17. What is the tens digit of i?
3
Suppose 163 - 159 = -2*q, 5*s - 4*q = 42748. What is the thousands digit of s?
8
Suppose -1028015 - 1007599 = -42*l. What is the 